 + h/30. Suppose 0 = w + 4*t - 53, -l*w - 2*t = -0*t - 198. What are the prime factors of w?
7
List the prime factors of (-55)/44 - -579*(-9)/(-12).
433
Suppose d + 1 - 5 = 0. Suppose d*p = 2*p + 10. Suppose p*i = -4*r + 183, -4*r - 4*i = r - 240. List the prime factors of r.
2, 13
Let g(r) = 2*r - 8. Let o be g(6). Suppose 0 = -o*k - 5*b - 13, -5*b = 4*k - 2*b + 3. Suppose -x - 68 = -k*x. List the prime factors of x.
2, 17
Suppose -3*y + 1429 = -x, -5*y = 11*x - 8*x - 2391. List the prime factors of y.
3, 53
Let q = 9 + -12. Let z = q + 8. Let x = 17 + z. What are the prime factors of x?
2, 11
Let h = 2291 - -458. What are the prime factors of h?
2749
Suppose -7 = -4*c + 9. Suppose -c*m + 0*m + 16 = 0. Suppose 0 = 2*j - 5*j - 2*k + 22, -5*j - m*k + 40 = 0. What are the prime factors of j?
2
Let k(v) = v. Let w(b) = -b**2 - 16*b + 23. Let m(h) = -3*k(h) + w(h). What are the prime factors of m(-16)?
71
Let w(x) = x**3 + 13*x**2 + 14*x + 1. Let o be 20/(-20)*10/(3 - 2). What are the prime factors of w(o)?
7, 23
Suppose -n - r + 26 = 4*n, n + 5*r = -14. What are the prime factors of 158 + n/2 - 2/2?
2, 5
Suppose 11187 = -7*s + 4*s. List the prime factors of (8/24)/(s/(-1863) - 2).
3, 23
Suppose 3*b - 10 = -4, 3*b = -4*m + 1170. What are the prime factors of m?
3, 97
Suppose 0 = -m + 2, -154*o = -149*o - 2*m - 4356. List the prime factors of o.
2, 109
Suppose -32*r - 124 = -33*r. What are the prime factors of r?
2, 31
Let f be (-2)/3 - 2/(-3). Let q = f + 11. Suppose 14*n = q*n + 45. List the prime factors of n.
3, 5
Let p be (0/(0 + 2))/2. Suppose -3*r + 6 = 0, -2*r = 3*h - p*r - 352. What are the prime factors of h?
2, 29
Let v(u) = 4*u**2 + 46*u + 14. List the prime factors of v(20).
2, 7, 181
Suppose -5*n + j + 805 = 0, -4*j - j = 5*n - 835. Suppose 22*h = 21*h + n. List the prime factors of h.
2, 3
Let q(z) = 69*z + 505. List the prime factors of q(7).
2, 13, 19
Suppose 0 = 42*m - 36*m - 11190. What are the prime factors of m?
5, 373
Let q be 0/(-1)*5/(-15). Suppose q = o + f + 6, f = -0 - 4. What are the prime factors of (1 - -1)/o - -11?
2, 5
Suppose -257 = -5*q + 2*x, 3*q + q - 3*x = 200. Suppose -6*c + 3*a = -4*c - q, -3*a - 121 = -4*c. List the prime factors of c.
2, 17
Suppose 0 = -3*q + z + 4, -2*q + 2*z + 5 = q. Let m be q + 2 + 1 + 6. Suppose 5*y + m = 0, -2*y - 46 = -b - 4. What are the prime factors of b?
2, 19
Let t be (13 - (-8)/2)*1. Suppose 0 = 3*p + 49 - 10. Let g = t - p. List the prime factors of g.
2, 3, 5
Let m(t) = 2*t + 140. Let y be m(0). Suppose -2*b = -0*b - y. List the prime factors of b.
2, 5, 7
Let s = -1893 + 3601. List the prime factors of s.
2, 7, 61
Suppose -w - 16 + 0 = 0. Let q be w/4 - 4/(-2). What are the prime factors of -3*(q + 4/4)?
3
Suppose 4*k = v + 376, 0*v = -5*k + 4*v + 470. Let p = -170 + 125. Let y = p + k. List the prime factors of y.
7
Let q(i) = i**2 + 4*i + 1. Suppose -4*v = -k - 3*k + 60, -v - 2*k = 3. Let l(h) = h**3 + 10*h**2 - 10*h + 16. Let t be l(v). What are the prime factors of q(t)?
2, 23
Suppose 0 = 14*f - 11*f - 912. What are the prime factors of f?
2, 19
Suppose 0*b = 2*b + 2*g - 20, 0 = -2*b + 3*g + 20. Let v be (-25)/b*4/(-5). Suppose -3*a + v*a = -28. What are the prime factors of a?
2, 7
Let b(y) = -6*y**3 + 4*y**2 + 12*y + 3. Let o be b(-5). Suppose 4*c - o = -285. List the prime factors of c.
127
Suppose 2*r - 1156 = -4*u, 3*r + 0*r + 5*u - 1734 = 0. List the prime factors of r.
2, 17
Let h = 23 + -35. Let y(w) = 2*w**3 - 8*w - 3*w**3 - 13*w**2 - 8*w - 16 + 0*w**3. What are the prime factors of y(h)?
2
Let d = -198 + 335. List the prime factors of d.
137
Let n = -18 - -22. Suppose -n*c - 12 + 4 = -5*f, 0 = -4*f - c - 2. Suppose 6*z - 9*z + 105 = f. List the prime factors of z.
5, 7
Let z(q) = 3*q - 4. Let r be z(7). Let a = -22 + 27. Let b = a + r. What are the prime factors of b?
2, 11
Suppose -6*q - 34 = -2*k - q, -4*q - 2 = 2*k. Suppose 0 = -k*c + 9*c. Suppose -4*v + 68 + 48 = c. What are the prime factors of v?
29
Suppose -2*t = -0*t. Suppose j - y = -j, -3*j + 3*y - 6 = t. Suppose 3*r = 4*b - 192, 4*b - j*b + 4*r = 74. What are the prime factors of b?
3, 5
Let x = -7 - -25. List the prime factors of ((-27)/x)/((-3)/86).
43
Let k(p) = 7*p - 30. What are the prime factors of k(7)?
19
Let o(f) = -f**2 + 8*f + 3. Suppose i + 3*i - 32 = 0. Let m be o(i). Suppose 69 = -0*n + m*n. What are the prime factors of n?
23
Suppose -11*k = -17*k - 240. Suppose 3*l = 3, 4*v = 3*v - l. List the prime factors of (-4)/4 + k/v.
3, 13
Suppose 2*l + 5*v = 140, -105*l + 106*l - 72 = -2*v. List the prime factors of l.
2, 5
Let f = -789 + 1713. Suppose 12*l + 2*l - f = 0. List the prime factors of l.
2, 3, 11
Suppose 4*g + g = 2*s - 1099, 4*s - 2268 = -4*g. What are the prime factors of s?
2, 281
Let k(z) = z + 27. Let b(i) = i**3 + 7*i**2 - 9*i + 6. Let a be b(-8). List the prime factors of k(a).
41
Suppose -5*r - 13 = -4*r. Let b = 15 + r. Suppose 0 = -b*o + 3*o - 10. List the prime factors of o.
2, 5
Let y be (6/(-4))/((18/(-220))/9). Let s = y + 24. What are the prime factors of s?
3, 7
Suppose 37*o = -2*d + 35*o + 5672, d = 5*o + 2806. What are the prime factors of d?
19, 149
Suppose -6*l - 27 = -5*m - 2*l, 0 = -5*m - 5*l. Let i be 28/(-42) + 140/m. Suppose 5*o + 0*a - 2*a = 46, 0 = -4*o - 3*a + i. List the prime factors of o.
2, 5
Suppose 6*i - 1722 - 3174 = 0. Suppose -o = 3*o - 2*u - i, 4*u - 195 = -o. What are the prime factors of o?
7, 29
Suppose 3 = 5*l - 7. List the prime factors of 72/l + -16 + 12.
2
Let p be ((-6)/4)/(21/(-70)). Let t be 10/(-50) + 41/p. Let i = t - 1. What are the prime factors of i?
7
Let c = -13 - -8. Let g = c + 5. Suppose -2*d = -3*i - 13, g = 4*d - d + i - 25. List the prime factors of d.
2
Suppose -5*m + 3 = -2. Let j be 0 - (-233 + 2 + m). Suppose -4*l = l - j. What are the prime factors of l?
2, 23
Let m(s) = -s**2 - s + 2. Let k be m(-6). Let c be (k/6)/((-1)/3). List the prime factors of c*(-4)/(-16)*6.
3, 7
Suppose 0 = 5*j - 568 + 133. What are the prime factors of j?
3, 29
Let v(h) = -h**2 - 4*h. Let j be v(-3). List the prime factors of j/(12/740) - 1.
2, 23
Suppose -15*p = -18*p + 9. Let x(u) = 9*u**2 - u + 5. What are the prime factors of x(p)?
83
Suppose 0 = 2*k - 6. Suppose 0 - k = -y, -2*y = w - 49. What are the prime factors of w?
43
Suppose -139 = -2*s + 73. Suppose o = 2*q - s, 5*q + 7*o - 274 = 5*o. What are the prime factors of q?
2, 3
Suppose 0*l - 15 = 5*l, 4*l = -m - 3. Let p(n) = 2*n + 3 + 7 - n. What are the prime factors of p(m)?
19
Let i(p) = p**3 + 8*p**2 + 6*p + 3. Let a be i(-7). Let q = a - 7. Suppose w - 4*w - 2*k = -35, 3*w = -q*k + 30. What are the prime factors of w?
3, 5
Suppose -v = -4*i + v + 238, 0 = -3*i + 3*v + 180. Suppose 3*j - 2*j + u - 22 = 0, 3*u = 2*j - i. List the prime factors of j.
5
Suppose 7*b - 2*b = -i + 15, -2*b + 3*i - 11 = 0. Suppose 360 = b*w + 10*w. List the prime factors of w.
2, 3, 5
Suppose -u + 1612 = -16*v + 21*v, 4*u + v - 6372 = 0. What are the prime factors of u?
2, 199
Suppose 9*q + 4*q = 0. Suppose q = -2*l + 3*l + 3*h - 96, -5*l + 385 = -4*h. What are the prime factors of l?
3
Let k = 889 + 1338. What are the prime factors of k?
17, 131
Let p = 1246 + -587. List the prime factors of p.
659
Let i be (2 + -1)/(2/(-4)). List the prime factors of i - 0 - (-53 - 1).
2, 13
Suppose 2*h = 17 - 1. Suppose 0 = q + q + h, -48 = -2*c + 5*q. Let p = 36 - c. What are the prime factors of p?
2, 11
Suppose -8*k + 5*k + 2100 = 3*z, -2*z - 3*k + 1400 = 0. What are the prime factors of z?
2, 5, 7
Suppose 76 = -a - 16. List the prime factors of (3 + a)*(3/(-3) + 0).
89
Suppose 21*s - 1601 - 67006 = 0. List the prime factors of s.
3, 11
Let y(o) = 8*o + 4. Let z be y(-5). Let w = z - 19. Let d = -17 - w. List the prime factors of d.
2, 19
Suppose -c - 2*c - 6 = 0. Let p be c*((-60)/(-8) + 2). Let j = 63 + p. List the prime factors of j.
2, 11
Let x(w) = 5*w**3 + 2*w**2 - w. Let i be x(1). Let l(s) = -s**2 + 6*s + 6. Let p be l(i). Suppose d = p*d - 30. List the prime factors of d.
2, 3
Let v = 69 - 74. List the prime factors of 4 + ((-690)/(-3) - v).
239
Let d = -27 + 41. Suppose 3*w = -2*v - 2, 4*v + d = -5*w + 4*w. Suppose 5 = u - 5*f, 0 = w*u - f - 2*f - 31. List the prime factors of u.
2, 5
Let o(d) = 6